-8*k. What is m(t)?
-8
Suppose 4*g = -g + 2*z - 36, -g - z = 10. Let s(m) = 23 + 1 + 677*m - 19 - 676*m + 4. Determine s(g).
1
Suppose -3*v - 34 = -37. Let j(w) = -77 + 78 - 7*w + 7*w - 2*w**3. Give j(v).
-1
Let w(n) = -n**3 + 4*n**2 + 13*n. Let d(l) = 4*l + 0*l**3 - 717 + 2*l + l**3 + 2*l - 6*l**2 + 708. Let b be d(5). Give w(b).
6
Let o = 148 + -133. Let s(l) = -8*l**3 - 1 + o*l**3 + l - 2*l + l**2 - 22*l**3. Determine s(-1).
16
Suppose -l - 82 = 5*c, 3*c - 5*l + 76 = 10. Let w(a) = 4*a + 34. Calculate w(c).
-34
Let x(k) = 38*k + 1. Let u(t) = 25*t + 1. Let h(d) = 4*u(d) - 3*x(d). Determine h(-7).
99
Suppose -2*y - 4*r = -4, 0 = 5*y - 4*r - 0*r - 10. Let j(u) = 9 - 6*u + u**y + 8 - 16. Give j(6).
1
Suppose -3*g - 40 = -3*b - 8*g, 0 = -3*b - 4*g + 35. Let d(w) = w - 188. Let v(f) = 138. Let n(k) = 3*d(k) + 4*v(k). Give n(b).
3
Let n(z) = 4*z**3 - 9*z**2 + 4*z - 10. Let y(c) = -12*c - 56. Let p be y(-5). Let t(d) = -5*d**3 + 9*d**2 - 3*d + 11. Let j(a) = p*n(a) + 3*t(a). What is j(8)?
-15
Let o(m) be the first derivative of 9/2*m**2 - 119 + 4*m. Calculate o(-4).
-32
Suppose 19 = 5*u + 2*k - 10, 2*u = -2*k + 14. Let h(g) = -g**3 + 5*g**2 - 3*g + 4. What is h(u)?
-11
Let c(q) = -69*q - 112. Let b(d) = 17*d + 27. Let m(v) = 15*b(v) + 4*c(v). Calculate m(-2).
-1
Suppose 10*l + 295 = 69*l. Let u(q) = q**3 + l*q**2 + 6*q**2 - 6 + 6*q - 17*q**2 - 2*q**2. Suppose 4*t - 5*x - 20 = -3*x, -3*x + 19 = t. Give u(t).
-13
Let j(v) = 25*v + 28. Suppose 3*l - 5*x = 0, 2*l - 6*x + 373 - 365 = 0. Determine j(l).
153
Let h(b) = b**3 + b**2 - 7. Suppose -11 - 55 = -3*v. Let y = v + -14. Suppose y*x = 13*x. Give h(x).
-7
Suppose 4*p - 3*g - 162 = -190, p - g = -7. Let c(j) = j**3 + 5*j**2 - 18*j - 12. Determine c(p).
16
Let j be 2/3 + (-22)/6. Let r(l) = -3 - 825*l + 6 - 826*l + 1656*l. What is r(j)?
-12
Let z be ((-72)/9 - -9) + (-80)/10. Let j(b) = b**2 - 1. Let d(s) = 5*s**2 - 6*s - 3. Let a(v) = d(v) - 6*j(v). Determine a(z).
-4
Let k be (-19)/(-5) - (-2)/10. Suppose -3*y + 4*q = 5*q - 7, k = q. Let b(w) be the first derivative of -3*w**2/2 - w + 126. What is b(y)?
-4
Suppose 0 = -8*q - 190 - 2. Let c = -16 - q. Let h be 6/c*(1 - 9). Let r(o) = 2*o + 9. Determine r(h).
-3
Let f(b) = 3 - 55955*b + 14 + 55947*b. Determine f(14).
-95
Let n(i) = -i**3 - 3*i**2 + 21*i + 11. Suppose 0 = -153*o - 86*o - 1434. Give n(o).
-7
Let w(j) be the third derivative of j**6/120 - 7*j**5/60 + 5*j**3/6 - j**2. Suppose 448*p - 2738 = 12*p + 314. Give w(p).
5
Let w(b) be the first derivative of -b**3/3 + 6*b**2 + 8*b - 122. Suppose 4*r = -2*a - 14 + 42, -2*a - r = -25. Give w(a).
8
Let q = 135 + -133. Let c(u) = -5*u - 6*u**q + 7*u**2 + 18*u - 13*u - 4. What is c(-5)?
21
Let n(j) = -15541*j**2 + 4572*j**2 + 9 + 10970*j**2 + 11*j - 3*j. Let m = 4 + 1. Let z(v) = v**3 - 5*v**2 - v - 2. Let x be z(m). Give n(x).
2
Suppose -23*b - 70*b = -93. Let l(d) = -13*d**3 + 3*d**2 + 2*d - 1. Let n(a) = a**3 - a**2. Let q(y) = -l(y) - 5*n(y). Determine q(b).
9
Let b(q) = 28*q + 204. Let n be (-29)/5 + (-1070)/(-25) + -44. What is b(n)?
8
Let t(u) = -111*u - 28 - 103*u - 110*u + 330*u + 19. What is t(7)?
33
Let p(m) = -26 - 38 + 10 + m**2 + 14*m + 17. What is p(-12)?
-61
Let p = -391 - -356. Let y be 1 + (-10)/(-4)*126/p. Let r(o) = o + 8. What is r(y)?
0
Let i(w) = -w**2 - w + 2. Let v be i(0). Let z(j) = 5*j - 2*j**2 + 3*j**v + 5 + 2*j. Suppose 14*c - 60 = -104 - 54. Calculate z(c).
5
Suppose -490 + 1318 = -6*v. Let a = 84 + v. Let x = a + 48. Let z(y) = -y**2 - 4*y - 1. What is z(x)?
-13
Let l(j) be the first derivative of -j**2/2 - 3*j + 2377. What is l(-4)?
1
Suppose 2*i + 13 = -3*o + 1, -4*o = 0. Let m(s) be the second derivative of s**5/120 + s**3 - 2*s. Let l(v) be the second derivative of m(v). Calculate l(i).
-6
Let u(w) = -220*w**2 - 11*w - 21. Let k(f) = 269*f**2 + 13*f + 26. Let j(x) = 9*k(x) + 11*u(x). Suppose -3*z - 2*z = -2*r - 22, -3*r - 7 = -z. What is j(z)?
3
Suppose -3*k + 3 = -135*y + 138*y, 2*k - 77 = 13*y. Let x(n) = -4*n**2 - 10*n - 13. What is x(y)?
-63
Suppose -11*x - 31 - 57 = -143. Let n(p) be the first derivative of 4/3*p**3 + 1/4*p**4 - 9 + 1/2*p**2 + x*p. Calculate n(-4).
1
Let d(r) = -31*r + 2. Let f be -12 + (-45)/15 + 14. Determine d(f).
33
Let g be 36 - -2 - (-11 + 15). Suppose 33*i - g*i + 7 = 0. Let n(z) = -z**3 + 8*z**2 - 7*z - 2. What is n(i)?
-2
Let c(u) = u**2 - 22*u - 154. Let o(d) = 4*d**2 + 16*d - 666. Let f be o(-15). What is c(f)?
14
Let j = 796 - 673. Let u = j - 120. Let r(p) = p**3 - 2 - 1 - 2*p**2 + 5 + p. What is r(u)?
14
Let i(f) = 4*f**3 + 4*f**2 + 4*f + 3. Let l = 3553 + -3555. Calculate i(l).
-21
Suppose -27*s + 24 = -35*s. Let a = -13 - -20. Let i(g) = 9*g - 10. Let f(c) = 4*c - 5. Let v(u) = a*f(u) + s*i(u). What is v(4)?
-1
Suppose -15 = -4*v - 3. Let p(k) = 8*k**2 - k**v + 3*k**2 - k**2 - 7*k - 4 - k. Let j(m) = -2*m**3 - 4*m**2 + 2*m - 3. Let h be j(-3). Calculate p(h).
5
Let y(q) be the first derivative of -q**3 - 7*q**2 - 1/12*q**5 + 0*q + 1/6*q**4 - 1/120*q**6 - 16. Let p(u) be the second derivative of y(u). Give p(-6).
6
Suppose -143*t - 2208 = -327*t. Let p(s) = -s**2 + 11*s + 19. Determine p(t).
7
Suppose 5*i + 3*j = 3*i + 19, 0 = 4*j - 20. Let c(z) = 48*z - 12. Let y(w) = 24*w - 5. Let f(o) = i*c(o) - 5*y(o). What is f(-1)?
25
Let f = -13345 - -13345. Let j(z) = 3*z**2 - 4*z + 30. Let i(r) = 7*r**2 - 9*r + 61. Let q(d) = -4*i(d) + 9*j(d). Determine q(f).
26
Suppose -12 = 10*b - 6*b, 0 = -4*a - 3*b - 61. Let p(z) = -z**3 - 13*z**2 + 2*z + 17. What is p(a)?
-9
Suppose 4*o - 4*b - 68 = 0, -b + 5*b = 4. Let s be ((110/15)/(-11))/(3/o). Let z(w) = -w**3 - 2*w**2 + 2*w + 2. Calculate z(s).
26
Suppose -6 = 4*o - 7*o. Let v(q) = -1 - 64155482*q**2 + 2 + 64155477*q**2 - 2*q. Determine v(o).
-23
Let m(l) = l**3 + 3. Let v be m(0). Suppose -13 - 5 = -9*s. Suppose -s*t - 6 = -v*t. Let y(z) = -z**2 + 5*z + 7. Determine y(t).
1
Let r(k) be the first derivative of -k**2 - 1/3*k**3 - 166 + 4*k. Give r(-3).
1
Let m be 27/(81/(-24)) + (9/3 - 4). Let o(g) = g**2 + 6*g - 25. Calculate o(m).
2
Let c = -226 + 223. Let n(h) = 17 + 5 - 32 - 3*h. Determine n(c).
-1
Let l(g) be the first derivative of 9*g**2/2 - 153*g - 999. Calculate l(16).
-9
Let y(x) = -2*x**2 + 9*x - 17. Let h(q) = -q**2 - 7*q + 87. Let f be h(-13). Give y(f).
-98
Let c(x) = 17*x + 12. Let j = 287 - 281. Let t(p) = 15*p + 11. Let u(o) = j*t(o) - 5*c(o). Calculate u(-3).
-9
Let x(t) = -t**3 - 5*t**2 + 5*t. Let k(r) = 5*r - 37. Let p be k(7). Let o be -2 + -2 - p - -2 - 4. Let i be (0 - -1) + 0 + -3 + o. What is x(i)?
6
Let u(t) = 2*t + 7. Suppose -z - 20 + 8 = 0. Let r be -3 - 12/(z/(-2)). Determine u(r).
-3
Let q be (-3 + -8)*(3 - (-3)/22*-26). Let g(u) = 2*u**2 - 16*u + 21. Calculate g(q).
-3
Let p(t) = 3285*t**2 + 3280*t**2 - 6564*t**2 - 3 + 6*t**3 + 3*t. Calculate p(2).
55
Let w(b) = b**2 - 2*b - 11. Let g be w(4). Let m(u) = -9*u + 4*u + 4*u + 6*u + u**2 + 4. Let x be m(g). Let k(q) = -2*q - 3. Give k(x).
1
Let r(s) = 4*s - 40. Let t be r(12). Suppose -31*d = -t*d + 276. Let f(j) = -j**3 - 12*j**2 + j + 9. Calculate f(d).
-3
Let l(q) = 5*q**3 - 2*q**2 - 4*q - 2. Let d(n) = -5*n**3 + 2*n**2 + 6*n + 2. Let r(h) = -2*d(h) - 3*l(h). Let t be (1 + (-1)/5)*(-225)/(-90). Give r(t).
-30
Let m(b) = -777*b**2 + 21*b + 3 + 780*b**2 + 3*b**3 - 36*b + 11*b. Give m(2).
31
Let d(f) = -2*f + 8. Let q(i) = 3*i - 11. Let u(g) = -8*d(g) - 5*q(g). Calculate u(0).
-9
Let g(j) = 1 + 10*j - j**2 + 12*j - 25*j. Let f be g(-2). Let p(r) = 11*r**3 - 3*r**2 - 2 - 17*r**f + r**2 + 5*r**3 + 5*r. Calculate p(-4).
10
Let m(v) = -3*v + 45. Let w(s) = s + 31. Let l be w(-20). Give m(l).
12
Let z(y) = -23*y + 1. Let t(p) = 117*p - 22. Let b(k) = -3*t(k) - 14*z(k). Give b(2).
-6
Suppose -9*l - 11 + 2 = 0. Let p(q) = q**2 + 3*q. Let a be p(l). Let z(b) be the first derivative of -b**4/4 - b**3/3 + b**2 + b - 2. Calculate z(a).
1
Let a(q) be the second derivative of q**4/12 - q**3/2 - 11*q**2/2 - 296*q + 7. Determine a(-2).
-1
Suppose 0 = -14*v + 604 - 562. Let g(s) = s**3 - 2*s**2 - 5*s - 7. Give g(v).
-13
Let v(y) = -2*y + 1. Let d(q) = -q**2 - 3*q + 2. Let a(m) = -d(m) + 2*v(m). Let c(f) = -13 + 1 + 0*f + 1 - f. Let k be c(-8). Determine a(k).
12
Let r(n) = 28*n - 262. Let k = -546 + 556. Determine r(k).
18
Let 